23). Determine z(j).
14
Let i(l) = l**3 - 4*l**2 + 3. Let z be (-100)/(-15)*6/4. Let n(m) = m**2 - 11*m + 14. Let r be n(z). Calculate i(r).
3
Let a(c) = -c**3 + c**2 + 4*c + 1. Suppose 144*b + 3 = 145*b. Determine a(b).
-5
Suppose -5*w + 16 + 19 = 0. Let k be (w/(-3))/((-2)/6). Let o(n) = -n + 8. Determine o(k).
1
Let r(x) = 2*x - 18. Let k(z) = 2*z - 20. Let m(j) = 3*k(j) - 4*r(j). What is m(8)?
-4
Let q(i) = i**2 + 2*i - 1. Let w be (-2)/(-15) + 10288/240. Let m = w + -41. Give q(m).
7
Let w(z) = z. Let g = 29 + 27. Let u = 62 - g. Determine w(u).
6
Let q(c) = 4*c + 15. Let k = 868 - 873. Determine q(k).
-5
Let p(h) = 14*h + 4. Let v(a) = 20*a + 7. Let m(j) = 7*p(j) - 5*v(j). Give m(-4).
1
Let d(q) = q**3 + q**2 - 5*q - 4. Suppose 7 = 8*u + 31. Calculate d(u).
-7
Let n(t) = 5*t**2 - t - 13. Let z(a) = -14*a**2 + 3*a + 38. Let x(l) = 11*n(l) + 4*z(l). Determine x(0).
9
Let i(b) = -15*b**2 - b + 2. Let l(m) = -186*m**2 - 11*m + 25. Let u(s) = 25*i(s) - 2*l(s). Let y be 2 + 2/(0 - 2). Let k = -3 + y. What is u(k)?
-6
Let z(a) be the third derivative of a**7/2520 + a**6/720 - a**5/30 + 5*a**2. Let r(b) be the third derivative of z(b). Suppose 0 = 3*s + 5 + 4. Calculate r(s).
-5
Let k be 8/(-20)*5*(0 + 2). Let m(y) = y**3 + 3*y**2 - 6*y - 5. Calculate m(k).
3
Let a(g) = 6*g. Let k = -2457 - -2456. Calculate a(k).
-6
Let f = 100 + -47. Let l(x) = 2 - 29*x + f*x - 25*x + 1. Give l(9).
-6
Let r(h) = -h - 2. Let s(c) = c + 1. Suppose -5*q + 1 = 2*v, 2*q - 4*v = 4*q - 10. Let u be q + -2 - (-2 + 3). Let y(i) = u*s(i) - 3*r(i). Give y(-2).
4
Let c be (0 - 3)/(24/(-56)). Let v(h) = -2*h**2 + 13*h + 2. Determine v(c).
-5
Let w(k) = 3 + 8*k + 3*k + 2*k**2 + 4*k - 16*k. Give w(-4).
39
Let m(o) = -2*o**2 + 2. Suppose 0 = -n + 5*w - 49 + 7, -8 = -2*w. Let b = n - -24. Determine m(b).
-6
Suppose -7 - 43 = -5*t. Let m(o) = -3*o - 6*o - 3 + t*o. Let x be (-47)/(-7) + 2/7. Give m(x).
4
Let m(u) be the first derivative of -5*u**2/2 + 15*u + 543. Calculate m(8).
-25
Let n(d) = -d**3 + 2*d**2 + d - 3. Suppose -6*w + 5*w + 8 = 0. Let s be ((-3)/(-2))/(w/16). Calculate n(s).
-9
Let g(y) = -5*y. Let o = -45 - -47. Calculate g(o).
-10
Let m(v) = 0 - 5*v - 1 - 5*v**2 + v**2 - 4 + 3*v**2. Calculate m(-3).
1
Let t(m) = -m**2 - 3*m - 2. Let p(w) = w**2 - 3*w + 2. Let h(u) = -u + 1. Let k(y) = -3*h(y) + p(y). Let d be k(3). Let s = d + -12. Determine t(s).
-6
Let h(d) = -3 - 2 - 54*d + 31*d + 22*d. Give h(-12).
7
Let p be 0 - 2/4 - (-5)/(-10). Let f(i) = 7*i + 8. Let j be f(p). Let o(u) = -u**2 - u + 1. Give o(j).
-1
Let a(d) = 2*d**3 + 7*d + 36. Let v(m) = -m**3 - 4*m - 19. Let z(b) = -6*a(b) - 11*v(b). Calculate z(0).
-7
Suppose 0 = -2*t + 3 + 3. Let g(z) = 5*z**2 - 6*z + 6. Let r be g(2). Let w(a) = a - 18 - t*a + r. What is w(-4)?
4
Let g(c) = 10*c**3 - 7*c**3 - 4*c**2 + 5*c**3 + 0*c + 1 + 6*c. Let j(d) = 3*d**3 - d**2 + 2*d. Let q(r) = 4*g(r) - 11*j(r). Determine q(-5).
-6
Let y(n) be the first derivative of -n**4/4 + 5*n**3/3 + 4*n**2 - 9*n + 63. Calculate y(6).
3
Let s(h) = -6*h**2 + 11*h - 61. Let j(m) = -m**2 - 9. Let v(o) = 7*j(o) - s(o). What is v(-10)?
8
Suppose -k = 2*k - 21. Let o(m) = 7*m**3 - 9*m**2 - 2*m + 7. Let q(x) = 4*x**3 - 4*x**2 - x + 4. Let u(i) = 3*o(i) - 5*q(i). Calculate u(k).
-6
Let d(t) = 1 - 8 + 6*t**2 + 8 + 0. Let u be 10/15 - (-24)/(-9). Calculate d(u).
25
Let a(h) = h**2 + h - 1. Let f(k) = 3*k**2 + 11*k - 1. Let q(x) = 4*a(x) - f(x). Determine q(7).
-3
Let s be (-2 - 4/4*-3)*0. Let c(a) be the second derivative of -2*a - 3/2*a**2 - 1/6*a**3 + s. Give c(0).
-3
Let s(b) be the third derivative of -3*b**5/20 + b**4/8 - b**3/6 + 66*b**2. Calculate s(2).
-31
Let o(r) be the first derivative of r**4/4 + 2*r**3 - 2*r**2 - 7*r - 2. Let v(p) = -p**3 + 50*p**2 - 51*p + 92. Let c be v(49). Calculate o(c).
17
Let f(j) = -j**2 + 3*j + 6. Suppose 35*s = 8*s + 162. Calculate f(s).
-12
Let o(q) = -2*q - 29. Let v(h) = 7. Let r(l) = -2*o(l) - 9*v(l). Give r(2).
3
Let i(j) be the third derivative of -j**4/12 - 579*j**2. Determine i(4).
-8
Let k(j) be the second derivative of j**5/60 - j**4/12 - 17*j**3/6 - 10*j. Let m(i) be the second derivative of k(i). What is m(3)?
4
Let s(c) = -5*c - 1. Let i be (60/18)/((-2)/3). Let n(a) = -a**2 - 5*a - 1. Let q be n(i). Determine s(q).
4
Let b(v) = -2*v. Let z(w) = -w + 5 - 2*w - 4*w - 5*w**2 + w**3 + 0*w. Let a be z(6). Calculate b(a).
2
Let c(h) = 5*h**3 + 34*h**2 - 28*h - 50. Let k(q) = -2*q**3 - 11*q**2 + 9*q + 17. Let j(g) = -3*c(g) - 8*k(g). Determine j(13).
1
Let u(l) = 2*l**2 + 8*l - 9. Let d be u(-5). Let m(y) = 4*y - 2 - 3*y + 0*y + d. Determine m(-1).
-2
Suppose -6 = -0*z - 3*z. Suppose 5 = 3*u - z*u. Let d(n) = -2*n + 3*n - 2*n. Give d(u).
-5
Let p(i) = -i**3 + i + 2. Let v(g) = -g - 12. Let m be v(3). Let r = 0 - 13. Let x = r - m. Determine p(x).
-4
Let l(t) be the first derivative of 4*t - t**3 + 10 + 1/4*t**4 + 1/2*t**2. Give l(3).
7
Suppose 3*m + m = -4. Suppose -2*j + 7*j + 2*q = 0, 3*j + 2*q = -4. Let y(l) = 4*l - j*l - 2*l - 5*l. Determine y(m).
5
Let h(z) be the third derivative of 0*z + 0*z**3 + 5/24*z**4 + 9*z**2 + 0. Calculate h(1).
5
Let g = -7 - -3. Suppose 14*i = 11*i + 6. Let o(x) = x**i + 3 + 6*x + 0 - 2 + 3. Calculate o(g).
-4
Let c(r) = 2*r**2 - 5*r + 3. Suppose 0 = 4*z - 0*z - 8. Suppose -z = -8*s + 22. What is c(s)?
6
Let o(r) = r**3 + 4*r**2 - 4*r. Suppose -11 = -u + 3*p, 5*u - 2*p = 9*u + 26. Calculate o(u).
16
Let r(j) = 3*j**2 + 8*j. Let s(u) = -4*u**2 - 8*u - 1. Let n(d) = -5*r(d) - 4*s(d). Suppose 2*w - 14 = 3*f, -8*w = -5*w + 2*f - 21. Calculate n(w).
-3
Let k be -6 + (-2 - -4) - -5. Suppose -k = -3*m + 11. Let z(j) be the second derivative of -j**5/20 + j**4/4 + j**3/3 + 5*j**2/2 + j. Calculate z(m).
-3
Let f(b) = 6 + b**2 - 56308*b + 56308*b. Determine f(0).
6
Let w = 475 - 473. Let x(i) = -9*i + 5. What is x(w)?
-13
Let m = 335 - 332. Let k(p) = -p + 5. Determine k(m).
2
Let t(s) = s**2 + 19*s + 43. Let n be t(-3). Let a = -7 - -9. Let r(w) = 1 - 3*w + 1 - w**2 - a + 3. Determine r(n).
-7
Let z(y) be the first derivative of 2/3*y**3 - 16 - 4*y + 3/2*y**2. What is z(-3)?
5
Let g(f) = 1 - 76*f + 42*f - 3 + 39*f. What is g(2)?
8
Let m(g) = -3 + 19*g - 27*g + 1. Let k be m(-1). Let p(a) = -8*a + k + 11 + a**2 - 10. Give p(6).
-5
Let d(j) = 1 + 5*j + 0*j + 0*j - j. Suppose 0*i - 16 = 5*h + 3*i, h + 5*i + 12 = 0. Give d(h).
-7
Let d be (4/6)/((-16)/(-72)). Suppose -2*m + d = -m. Suppose -4*b - 21 = -3*z, 21 = -0*z + m*z + 5*b. Let c(j) = j - 10. Give c(z).
-3
Let v(u) = -1 + u**2 - 23*u**3 + u + 21*u**3 - 23*u**3. Calculate v(1).
-24
Let i(o) = -o**2 + 3*o + 1. Let r be i(4). Let k be 1 - (r + 4 + -2). Let n(p) = k + 5*p + 3 - 2*p**2 - 1. What is n(4)?
-8
Let a(x) = -x**2 + 5*x - 2. Suppose m + 4*t = 5*m - 72, -4*m + 54 = 2*t. Suppose 2*p = -2*p + w + m, -p + w = 0. Give a(p).
-2
Let j(s) = 4*s**2 - 5*s + 4*s + s**2 - s**3. Let h = -41 - -14. Let x(f) = f**2 + 28*f + 32. Let o be x(h). Give j(o).
-5
Let d(c) be the second derivative of c**4/12 - 7*c**3/6 + c**2/2 + 257*c. Determine d(6).
-5
Let k(a) be the second derivative of -2*a**3/3 - a**2/2 + a. Let z = 3112 + -3118. Give k(z).
23
Let g(h) = 2*h**2 - 5*h. Let d be g(4). Let o(l) = -13*l + 5 - 4 + d*l. Suppose -2*w = -w + 4*i, 5*w = -i. Determine o(w).
1
Let m(b) be the first derivative of -11*b**3/6 - b**2/2 - 19*b - 16. Let x(y) be the first derivative of m(y). Determine x(-1).
10
Let b(h) = -6*h - 4. Suppose 0 = j - 3, -27 = 7*d - 10*d - 5*j. Give b(d).
-28
Suppose 3*i = -i + 3*w + 131, -2*i + 59 = 5*w. Let t = -37 + i. Let c(s) = s**3 + 4*s**2 - 4*s + 1. Give c(t).
-4
Let s(j) = 2*j - 21. Let i be s(9). Let t(x) = 4*x**2 - 29*x**3 - 2 - 2 + x + 30*x**3. Calculate t(i).
2
Let v(a) = a**2 - a - 3. Let d = 16 - 11. Let p be d/((-25)/3) + 18/5. Determine v(p).
3
Let g(b) be the first derivative of -3*b**2 - 11*b - 153. Determine g(-4).
13
Suppose 0*q = -11*q - 1122. Let g = q - -94. Let r(z) = -3*z**2 + 2*z**2 - 8*z - 5 - z. Calculate r(g).
3
Let d(h) = h**2 - h - 1. Let m(a) = a**3 + 3*a**2 + a - 1. Let v(g) = 2*d(g) - m(g). Let f(w) = w**3 + 4*w**2 + 4*w - 2. Let l be f(-2). Give v(l).
9
Let u(t) = 3*t**3 - 60*t**2 - 3*t + 56. Let z be u(20). Let j(q) = q**3 + 3*q**2 - q - 3. Determine j(z).
-15
Let k(i) be the second d